{"id":4298,"date":"2023-10-31T17:56:58","date_gmt":"2023-10-31T17:56:58","guid":{"rendered":"https:\/\/www.quinchobarrilete.org.ni\/?page_id=4298"},"modified":"2023-11-08T20:43:25","modified_gmt":"2023-11-08T20:43:25","slug":"tienda-aqb","status":"publish","type":"page","link":"https:\/\/www.quinchobarrilete.org.ni\/ing\/tienda-aqb\/","title":{"rendered":"Tienda AQB"},"content":{"rendered":"<div data-elementor-type=\"wp-page\" data-elementor-id=\"4298\" class=\"elementor elementor-4298\" data-elementor-post-type=\"page\">\n\t\t\t\t\t\t<section class=\"elementor-section elementor-top-section elementor-element elementor-element-78243f4 elementor-section-boxed elementor-section-height-default elementor-section-height-default\" data-id=\"78243f4\" data-element_type=\"section\" data-e-type=\"section\">\n\t\t\t\t\t\t<div class=\"elementor-container elementor-column-gap-default\">\n\t\t\t\t\t<div class=\"elementor-column elementor-col-100 elementor-top-column elementor-element elementor-element-7c968f9\" data-id=\"7c968f9\" data-element_type=\"column\" data-e-type=\"column\">\n\t\t\t<div class=\"elementor-widget-wrap\">\n\t\t\t\t\t\t\t<\/div>\n\t\t<\/div>\n\t\t\t\t\t<\/div>\n\t\t<\/section>\n\t\t\t\t<\/div>","protected":false},"excerpt":{"rendered":"<p>A\u00f1adir al carrito Bolsa Plastica Reciclable Valorado en 0 de 5C&#36;300.00 A\u00f1adir al carrito Producto 1 Valorado en 0 de 5\u00a1Oferta!C&#36;200.00 C&#36;150.00 A\u00f1adir al carrito Bolso (Plastico) Valorado en 0 de 5C&#36;60.00 A\u00f1adir al carrito Hamaca Nicarag\u00fcense Valorado en 0 de 5C&#36;350.00 Cargar m\u00e1s<\/p>","protected":false},"author":1,"featured_media":0,"parent":0,"menu_order":0,"comment_status":"closed","ping_status":"closed","template":"","meta":{"footnotes":""},"class_list":["post-4298","page","type-page","status-publish","hentry"],"yoast_head":"<!-- This site is optimized with the Yoast SEO plugin v27.1.1 - https:\/\/yoast.com\/product\/yoast-seo-wordpress\/ -->\n<title>Tienda AQB - Asociaci\u00f3n Quincho Barrilete<\/title>\n<meta name=\"robots\" content=\"index, follow, max-snippet:-1, max-image-preview:large, max-video-preview:-1\" \/>\n<link rel=\"canonical\" href=\"https:\/\/www.quinchobarrilete.org.ni\/ing\/tienda-aqb\/\" \/>\n<meta property=\"og:locale\" content=\"en_US\" \/>\n<meta property=\"og:type\" content=\"article\" \/>\n<meta property=\"og:title\" content=\"Tienda AQB - Asociaci\u00f3n Quincho Barrilete\" \/>\n<meta property=\"og:description\" content=\"A\u00f1adir al carrito Bolsa Plastica Reciclable Valorado en 0 de 5C&#036;300.00 A\u00f1adir al carrito Producto 1 Valorado en 0 de 5\u00a1Oferta!C&#036;200.00 C&#036;150.00 A\u00f1adir al carrito Bolso (Plastico) Valorado en 0 de 5C&#036;60.00 A\u00f1adir al carrito Hamaca Nicarag\u00fcense Valorado en 0 de 5C&#036;350.00 Cargar m\u00e1s\" \/>\n<meta property=\"og:url\" content=\"https:\/\/www.quinchobarrilete.org.ni\/ing\/tienda-aqb\/\" \/>\n<meta property=\"og:site_name\" content=\"Asociaci\u00f3n Quincho Barrilete\" \/>\n<meta property=\"article:publisher\" content=\"https:\/\/www.facebook.com\/asociacionquinchobarrileteorg\/\" \/>\n<meta property=\"article:modified_time\" content=\"2023-11-08T20:43:25+00:00\" \/>\n<meta property=\"og:image\" content=\"http:\/\/www.quinchobarrilete.org.ni\/wp-content\/uploads\/2023\/10\/Bolsos-13-03-2020-1-300x211.jpg\" \/>\n<meta name=\"twitter:card\" content=\"summary_large_image\" \/>\n<meta name=\"twitter:site\" content=\"@aqbarrilete\" \/>\n<script type=\"application\/ld+json\" class=\"yoast-schema-graph\">{\"@context\":\"https:\/\/schema.org\",\"@graph\":[{\"@type\":\"WebPage\",\"@id\":\"https:\/\/www.quinchobarrilete.org.ni\/es\/tienda-aqb\/\",\"url\":\"https:\/\/www.quinchobarrilete.org.ni\/es\/tienda-aqb\/\",\"name\":\"Tienda AQB - Asociaci\u00f3n Quincho Barrilete\",\"isPartOf\":{\"@id\":\"https:\/\/www.quinchobarrilete.org.ni\/es\/#website\"},\"primaryImageOfPage\":{\"@id\":\"https:\/\/www.quinchobarrilete.org.ni\/es\/tienda-aqb\/#primaryimage\"},\"image\":{\"@id\":\"https:\/\/www.quinchobarrilete.org.ni\/es\/tienda-aqb\/#primaryimage\"},\"thumbnailUrl\":\"http:\/\/www.quinchobarrilete.org.ni\/wp-content\/uploads\/2023\/10\/Bolsos-13-03-2020-1-300x211.jpg\",\"datePublished\":\"2023-10-31T17:56:58+00:00\",\"dateModified\":\"2023-11-08T20:43:25+00:00\",\"breadcrumb\":{\"@id\":\"https:\/\/www.quinchobarrilete.org.ni\/es\/tienda-aqb\/#breadcrumb\"},\"inLanguage\":\"en-US\",\"potentialAction\":[{\"@type\":\"ReadAction\",\"target\":[\"https:\/\/www.quinchobarrilete.org.ni\/es\/tienda-aqb\/\"]}]},{\"@type\":\"ImageObject\",\"inLanguage\":\"en-US\",\"@id\":\"https:\/\/www.quinchobarrilete.org.ni\/es\/tienda-aqb\/#primaryimage\",\"url\":\"http:\/\/www.quinchobarrilete.org.ni\/wp-content\/uploads\/2023\/10\/Bolsos-13-03-2020-1-300x211.jpg\",\"contentUrl\":\"http:\/\/www.quinchobarrilete.org.ni\/wp-content\/uploads\/2023\/10\/Bolsos-13-03-2020-1-300x211.jpg\"},{\"@type\":\"BreadcrumbList\",\"@id\":\"https:\/\/www.quinchobarrilete.org.ni\/es\/tienda-aqb\/#breadcrumb\",\"itemListElement\":[{\"@type\":\"ListItem\",\"position\":1,\"name\":\"Portada\",\"item\":\"https:\/\/www.quinchobarrilete.org.ni\/\"},{\"@type\":\"ListItem\",\"position\":2,\"name\":\"Tienda AQB\"}]},{\"@type\":\"WebSite\",\"@id\":\"https:\/\/www.quinchobarrilete.org.ni\/es\/#website\",\"url\":\"https:\/\/www.quinchobarrilete.org.ni\/es\/\",\"name\":\"Asociaci\u00f3n Quincho Barrilete\",\"description\":\"Una Organizaci\u00f3n no gubernamental sin fines de lucro\",\"publisher\":{\"@id\":\"https:\/\/www.quinchobarrilete.org.ni\/es\/#organization\"},\"alternateName\":\"Quincho\",\"potentialAction\":[{\"@type\":\"SearchAction\",\"target\":{\"@type\":\"EntryPoint\",\"urlTemplate\":\"https:\/\/www.quinchobarrilete.org.ni\/es\/?s={search_term_string}\"},\"query-input\":{\"@type\":\"PropertyValueSpecification\",\"valueRequired\":true,\"valueName\":\"search_term_string\"}}],\"inLanguage\":\"en-US\"},{\"@type\":\"Organization\",\"@id\":\"https:\/\/www.quinchobarrilete.org.ni\/es\/#organization\",\"name\":\"Asociaci\u00f3n Quincho Barrilete\",\"url\":\"https:\/\/www.quinchobarrilete.org.ni\/es\/\",\"logo\":{\"@type\":\"ImageObject\",\"inLanguage\":\"en-US\",\"@id\":\"https:\/\/www.quinchobarrilete.org.ni\/es\/#\/schema\/logo\/image\/\",\"url\":\"https:\/\/www.quinchobarrilete.org.ni\/wp-content\/uploads\/2025\/01\/logo-2025-33anos-2-removebg-preview.png\",\"contentUrl\":\"https:\/\/www.quinchobarrilete.org.ni\/wp-content\/uploads\/2025\/01\/logo-2025-33anos-2-removebg-preview.png\",\"width\":500,\"height\":500,\"caption\":\"Asociaci\u00f3n Quincho Barrilete\"},\"image\":{\"@id\":\"https:\/\/www.quinchobarrilete.org.ni\/es\/#\/schema\/logo\/image\/\"},\"sameAs\":[\"https:\/\/www.facebook.com\/asociacionquinchobarrileteorg\/\",\"https:\/\/x.com\/aqbarrilete\"]}]}<\/script>\n<!-- \/ Yoast SEO plugin. -->","yoast_head_json":{"title":"Tienda AQB - Asociaci\u00f3n Quincho Barrilete","robots":{"index":"index","follow":"follow","max-snippet":"max-snippet:-1","max-image-preview":"max-image-preview:large","max-video-preview":"max-video-preview:-1"},"canonical":"https:\/\/www.quinchobarrilete.org.ni\/ing\/tienda-aqb\/","og_locale":"en_US","og_type":"article","og_title":"Tienda AQB - Asociaci\u00f3n Quincho Barrilete","og_description":"A\u00f1adir al carrito Bolsa Plastica Reciclable Valorado en 0 de 5C&#36;300.00 A\u00f1adir al carrito Producto 1 Valorado en 0 de 5\u00a1Oferta!C&#36;200.00 C&#36;150.00 A\u00f1adir al carrito Bolso (Plastico) Valorado en 0 de 5C&#36;60.00 A\u00f1adir al carrito Hamaca Nicarag\u00fcense Valorado en 0 de 5C&#36;350.00 Cargar m\u00e1s","og_url":"https:\/\/www.quinchobarrilete.org.ni\/ing\/tienda-aqb\/","og_site_name":"Asociaci\u00f3n Quincho Barrilete","article_publisher":"https:\/\/www.facebook.com\/asociacionquinchobarrileteorg\/","article_modified_time":"2023-11-08T20:43:25+00:00","og_image":[{"url":"http:\/\/www.quinchobarrilete.org.ni\/wp-content\/uploads\/2023\/10\/Bolsos-13-03-2020-1-300x211.jpg","type":"","width":"","height":""}],"twitter_card":"summary_large_image","twitter_site":"@aqbarrilete","schema":{"@context":"https:\/\/schema.org","@graph":[{"@type":"WebPage","@id":"https:\/\/www.quinchobarrilete.org.ni\/es\/tienda-aqb\/","url":"https:\/\/www.quinchobarrilete.org.ni\/es\/tienda-aqb\/","name":"Tienda AQB - Asociaci\u00f3n Quincho Barrilete","isPartOf":{"@id":"https:\/\/www.quinchobarrilete.org.ni\/es\/#website"},"primaryImageOfPage":{"@id":"https:\/\/www.quinchobarrilete.org.ni\/es\/tienda-aqb\/#primaryimage"},"image":{"@id":"https:\/\/www.quinchobarrilete.org.ni\/es\/tienda-aqb\/#primaryimage"},"thumbnailUrl":"http:\/\/www.quinchobarrilete.org.ni\/wp-content\/uploads\/2023\/10\/Bolsos-13-03-2020-1-300x211.jpg","datePublished":"2023-10-31T17:56:58+00:00","dateModified":"2023-11-08T20:43:25+00:00","breadcrumb":{"@id":"https:\/\/www.quinchobarrilete.org.ni\/es\/tienda-aqb\/#breadcrumb"},"inLanguage":"en-US","potentialAction":[{"@type":"ReadAction","target":["https:\/\/www.quinchobarrilete.org.ni\/es\/tienda-aqb\/"]}]},{"@type":"ImageObject","inLanguage":"en-US","@id":"https:\/\/www.quinchobarrilete.org.ni\/es\/tienda-aqb\/#primaryimage","url":"http:\/\/www.quinchobarrilete.org.ni\/wp-content\/uploads\/2023\/10\/Bolsos-13-03-2020-1-300x211.jpg","contentUrl":"http:\/\/www.quinchobarrilete.org.ni\/wp-content\/uploads\/2023\/10\/Bolsos-13-03-2020-1-300x211.jpg"},{"@type":"BreadcrumbList","@id":"https:\/\/www.quinchobarrilete.org.ni\/es\/tienda-aqb\/#breadcrumb","itemListElement":[{"@type":"ListItem","position":1,"name":"Portada","item":"https:\/\/www.quinchobarrilete.org.ni\/"},{"@type":"ListItem","position":2,"name":"Tienda AQB"}]},{"@type":"WebSite","@id":"https:\/\/www.quinchobarrilete.org.ni\/es\/#website","url":"https:\/\/www.quinchobarrilete.org.ni\/es\/","name":"Asociaci\u00f3n Quincho Barrilete","description":"Una Organizaci\u00f3n no gubernamental sin fines de lucro","publisher":{"@id":"https:\/\/www.quinchobarrilete.org.ni\/es\/#organization"},"alternateName":"Quincho","potentialAction":[{"@type":"SearchAction","target":{"@type":"EntryPoint","urlTemplate":"https:\/\/www.quinchobarrilete.org.ni\/es\/?s={search_term_string}"},"query-input":{"@type":"PropertyValueSpecification","valueRequired":true,"valueName":"search_term_string"}}],"inLanguage":"en-US"},{"@type":"Organization","@id":"https:\/\/www.quinchobarrilete.org.ni\/es\/#organization","name":"Asociaci\u00f3n Quincho Barrilete","url":"https:\/\/www.quinchobarrilete.org.ni\/es\/","logo":{"@type":"ImageObject","inLanguage":"en-US","@id":"https:\/\/www.quinchobarrilete.org.ni\/es\/#\/schema\/logo\/image\/","url":"https:\/\/www.quinchobarrilete.org.ni\/wp-content\/uploads\/2025\/01\/logo-2025-33anos-2-removebg-preview.png","contentUrl":"https:\/\/www.quinchobarrilete.org.ni\/wp-content\/uploads\/2025\/01\/logo-2025-33anos-2-removebg-preview.png","width":500,"height":500,"caption":"Asociaci\u00f3n Quincho Barrilete"},"image":{"@id":"https:\/\/www.quinchobarrilete.org.ni\/es\/#\/schema\/logo\/image\/"},"sameAs":["https:\/\/www.facebook.com\/asociacionquinchobarrileteorg\/","https:\/\/x.com\/aqbarrilete"]}]}},"_links":{"self":[{"href":"https:\/\/www.quinchobarrilete.org.ni\/ing\/wp-json\/wp\/v2\/pages\/4298","targetHints":{"allow":["GET"]}}],"collection":[{"href":"https:\/\/www.quinchobarrilete.org.ni\/ing\/wp-json\/wp\/v2\/pages"}],"about":[{"href":"https:\/\/www.quinchobarrilete.org.ni\/ing\/wp-json\/wp\/v2\/types\/page"}],"author":[{"embeddable":true,"href":"https:\/\/www.quinchobarrilete.org.ni\/ing\/wp-json\/wp\/v2\/users\/1"}],"replies":[{"embeddable":true,"href":"https:\/\/www.quinchobarrilete.org.ni\/ing\/wp-json\/wp\/v2\/comments?post=4298"}],"version-history":[{"count":0,"href":"https:\/\/www.quinchobarrilete.org.ni\/ing\/wp-json\/wp\/v2\/pages\/4298\/revisions"}],"wp:attachment":[{"href":"https:\/\/www.quinchobarrilete.org.ni\/ing\/wp-json\/wp\/v2\/media?parent=4298"}],"curies":[{"name":"wp","href":"https:\/\/api.w.org\/{rel}","templated":true}]}}